e prime factors of p/(-18) - 2/y.
2
Let y(c) = -c**3 + 3*c**2 + c - 2. Let s be y(3). Let d = s - -3. Suppose -d*l = -3 - 5. What are the prime factors of l?
2
Let k = 20 + -9. Suppose -2 = -d - 5*i, 5*d - i = 6 + 4. Suppose k = 3*r + d. What are the prime factors of r?
3
Let o(x) = -x**2 + x + 2. Let q be o(0). Let g = 14 - 8. List the prime factors of q/(-6) - (-68)/g.
11
Let x(w) be the first derivative of -13*w**2/2 - 8*w + 1. What are the prime factors of x(-4)?
2, 11
List the prime factors of 155 + 25/(-5) + 2.
2, 19
Suppose -4*g + 23 + 17 = 0. Suppose -5*u + g = -30. List the prime factors of u.
2
Suppose 0 = -11*i + 8*i + 120. List the prime factors of i.
2, 5
Let b(z) = 8*z - 15. List the prime factors of b(6).
3, 11
Let h(p) = -2*p**3 - 6*p**2 - 5*p - 2. Let v be h(-4). Suppose -10 = 5*y + 4*g - v, 3*y = -3*g + 27. Suppose -8*u = -y*u - 28. List the prime factors of u.
7
Suppose 3*w - 6*w + 21 = 0. Let v(h) = 2*h + 8. Let k be v(w). Suppose k = 2*g - 0*g. List the prime factors of g.
11
Let m(r) = 3*r**2 - 14*r - 12. What are the prime factors of m(9)?
3, 5, 7
Suppose p = 3 - 1. Suppose h = -0 + 2. Suppose -p*n + h = -4. List the prime factors of n.
3
Let c(w) = -w**2 + 6*w - 1. Let z be c(5). Suppose 4*g + k = -g + 35, 2*k = g + z. Suppose 0 = -g*r + 2*r + 20. List the prime factors of r.
5
Let v = 2 + 2. Suppose 14 = n - 2*q - v, -n - 5*q + 4 = 0. What are the prime factors of n?
2, 7
Suppose -b - 2 = 2, -y + 3*b = -18. Suppose -5*u + y = -4. List the prime factors of u.
2
Suppose -b + 6 = -4*b + 3*a, 6 = 5*b + 3*a. Suppose b = j - 6*j + 40. What are the prime factors of j?
2
Let t = -1 + 0. Let m be 1 + t + (3 - 5). Let x = m - -7. List the prime factors of x.
5
Let a = -19 + 37. What are the prime factors of a?
2, 3
Let n(m) = 2*m**2 + 31*m - 24. What are the prime factors of n(-18)?
2, 3, 11
Let s = 40 - 92. Let m = -13 - s. Suppose -4*g = -4*w + 24, -8*w + 4*w + m = g. What are the prime factors of w?
3
List the prime factors of (8 + -1)/((-4)/(-16)).
2, 7
List the prime factors of (-3)/((-27)/(-12)) - 1322/(-6).
3, 73
Let h = -62 + 149. List the prime factors of h.
3, 29
Let t = -340 + 570. List the prime factors of t.
2, 5, 23
Suppose 0*u + 2*u - 89 = -h, 86 = 2*u + 4*h. Suppose u = 3*k + 2*k. List the prime factors of k.
3
Suppose 0 = -2*v - 2*v + 28. What are the prime factors of (-378)/v*(-4)/6?
2, 3
Let q(z) = z**3 - 9*z**2 - 5*z - 1. What are the prime factors of q(11)?
2, 3, 31
What are the prime factors of ((-8)/(-2))/(3/(540/5))?
2, 3
Let b be 4/(-5)*(-10)/(-4). Let j be (b/3)/((-8)/36). Suppose -w + j*w = 36. What are the prime factors of w?
2, 3
Let o(t) = 39*t**2 - 2*t - 3. What are the prime factors of o(-2)?
157
Let l be 2/3*(31 + -1). Suppose l = -3*f + 5*f. List the prime factors of f.
2, 5
Suppose -2*l + 4 = -4*l - 4*k, 4*k = 0. Let m(t) = -t**2 - t + 5. Let q be m(0). Let s = q + l. What are the prime factors of s?
3
Suppose 3*t - 4 = 2. Suppose 108 = -5*k + m, 0 = k - t*m + 5*m + 12. Let n = k + 32. List the prime factors of n.
11
Suppose 131 = 2*m + a, 2*a - 38 + 184 = 2*m. Suppose c - m = -12. What are the prime factors of c?
2, 7
Suppose 0 = 2*c - 14 - 198. What are the prime factors of c?
2, 53
Let s(l) = -2*l + 2. Let g be s(-6). Let z = g - 10. Let k = z + -2. List the prime factors of k.
2
Let l(w) = -w**3 + w**2 + w + 8. Let z be l(0). Suppose -4*c = -z*c - 8. What are the prime factors of c/(-3)*-1*-12?
2
Let f be 8/36 + 48/27. Suppose -3*v = -f*v - 44. What are the prime factors of v?
2, 11
Let v(z) = z**2 + 2*z + 1. List the prime factors of v(-4).
3
Suppose -5*b = -17 - 33. Suppose r - b = 6*r. List the prime factors of 1/(-2) + (-21)/r.
2, 5
Suppose 2*b = -5 - 11. Let a be b/20 + (-4)/(-10). What are the prime factors of 1/(3/39 - a)?
13
Let n(g) = 10*g**2 - g - 4. List the prime factors of n(-2).
2, 19
Suppose -2*f = 72 - 16. Let a = f + 51. Suppose 14 = -3*w + 3*o + o, 4*w + 3*o - a = 0. What are the prime factors of w?
2
Suppose 0 = 5*v + 3*g - 9, 2*v + g - 3 = -3*v. Suppose v*i - 5*i = -350. Suppose 5*z - 3*r = i, -3*r = r - 20. What are the prime factors of z?
17
Suppose -5 = -2*v + 3*z, z - 6*z = -v - 1. Suppose d = v*d - 30. List the prime factors of d.
2, 5
List the prime factors of (-2)/(-6) - 240/(-36).
7
Let h be ((-4)/6)/(22/(-1551)). Suppose 0 = 4*r - 5*s - 93, -3*s + h + 6 = 4*r. What are the prime factors of r?
17
Let f(r) = -6*r + 2*r - 6 + 0*r. What are the prime factors of f(-4)?
2, 5
Suppose 2*g - 4*n - 40 = -2*g, 2*g + 5*n - 13 = 0. Suppose g*l = 11*l - 80. List the prime factors of l.
2, 5
Suppose 6*f = 11*f - 615. What are the prime factors of f?
3, 41
Suppose -2*w + 24 = -10. What are the prime factors of w?
17
Suppose -2*s - 3*u = -29, 42 = s + 2*u - 6*u. Suppose 5*r + 0 = -3*f + s, 0 = 2*r + 5*f - 24. List the prime factors of (-1)/((-2)/(3*r)).
3
Let t = -18 + 34. List the prime factors of t.
2
Let j(b) be the first derivative of 17*b**3/3 + 3*b**2/2 + 3*b - 11. What are the prime factors of j(-1)?
17
Let f(u) = u**2 - 7*u - 3. Let b be f(8). Suppose -b*v = -9 - 1. What are the prime factors of v?
2
Suppose 0 = -p - 2. Let k(h) = -3*h - 3. Let f be k(p). Let v = f + 4. List the prime factors of v.
7
List the prime factors of (31 + -20)/((-1)/(-19)).
11, 19
Let q(u) = -11*u + 50. List the prime factors of q(-8).
2, 3, 23
Suppose 0 = -4*k - 5 - 15. Let o = k - -10. What are the prime factors of o?
5
Let j(g) = g + 3. Let u = 0 - -2. Let h be 1/(-3) + u/6. List the prime factors of j(h).
3
Suppose 0 = 4*w - 5*z + 25, -w - 5 = 2*w - z. Let l = 6 + w. Suppose -5*i = l - 16. What are the prime factors of i?
2
Suppose -4*x + 2*x = -2. Suppose c - 3 - 2 = 0. Suppose -c - x = -p. List the prime factors of p.
2, 3
Let t(g) = g**2 - 2*g + 1. What are the prime factors of t(8)?
7
Let h(z) = -z**2 - 14*z - 10. Let u be -3 + 11/(11/(-6)). List the prime factors of h(u).
5, 7
Let m(v) = -v**3 - 9*v**2 + 2. Let c be m(-9). Suppose 0 = 5*q - r - 36, -3*r - 29 = -4*q - c*r. List the prime factors of q.
7
List the prime factors of 1*67 + (-15 - -15).
67
Let v(i) = i**2 - i - 2. Suppose -3*k = -c + 3, 2 + 1 = c - 5*k. Let z be v(c). Suppose -5*y + z*b = -46, b + 6 + 10 = 2*y. List the prime factors of y.
2, 3
Let u = -4 + 9. Let p be u/(-2 - (-6)/2). Suppose 5*b = -p*m + 40, -2*m = -0*m - 2*b - 16. What are the prime factors of m?
2
Suppose 3*o = 4*o. Suppose 2*x - 4*x = 3*h - 173, 4*x + 281 = 5*h. Suppose 3*r = -3, 5*z + o*z + 3*r - h = 0. List the prime factors of z.
2, 3
Let m be 981/(-5) + 4/20. List the prime factors of m/(-9) + 30/135.
2, 11
Let j = 66 + -36. What are the prime factors of j?
2, 3, 5
Suppose 2*f + f = 0. Suppose f = -k - 2*s + 7, -21 = -0*k - 3*k - 2*s. List the prime factors of k.
7
Let u = -88 - -151. List the prime factors of u.
3, 7
Let v = 5 + 1. Suppose 2*j = v*j - 12. What are the prime factors of j?
3
List the prime factors of (-16)/96 + 242/12.
2, 5
Suppose -2*n = 3*n. Suppose -3*y + 7 - 1 = n. Suppose 0 = -j - y*j + 39. What are the prime factors of j?
13
Suppose -3*f - 66 = -4*p, 2*f = -4*p + 6 + 50. Suppose 4*h - 3 = 3*o + 24, 3*o = -p. Suppose y = -h + 5. What are the prime factors of y?
2
Suppose a + 5*i - 69 = -0*a, 4*a + 4*i - 196 = 0. What are the prime factors of a?
2, 11
Let z(o) = -2*o + 14. What are the prime factors of z(-6)?
2, 13
Suppose i - 4 = -5*n, 2*n - 2 + 4 = -i. Let m(r) = r - 6. Let x(u) = -2*u + 5. Let z(t) = -3*m(t) - 2*x(t). List the prime factors of z(i).
2
Suppose -2 = 3*c + 4*d - 6, 2*c - d - 21 = 0. Suppose n + n = c. What are the prime factors of n?
2
Let n(m) = m**2 - 9*m - 5. Let v(t) = 3*t**2 - 26*t - 14. Let h(j) = 8*n(j) - 3*v(j). What are the prime factors of h(3)?
11
Let o(m) = 250*m**2 - 5*m + 2. What are the prime factors of o(1)?
13, 19
Let a be (-2 - 15/(-6))*0. Suppose d - 17 = -a*d. List the prime factors of d.
17
Suppose -4*q + 148 = 2*w, 3*w = -2*q + 8 + 58. What are the prime factors of q?
3, 13
Suppose -3*f = -5*f + 3*x - 15, 5 = 3*f + x. Suppose f = 2*u + 4*h + 16, 3*u + 25 = -2*u - 5*h. Let l = 1 - u. What are the prime factors of l?
3
List the prime factors of (130/(-35) - 4)*(-7 + 0).
2, 3
Let s(h) = 38*h**2 - 1. List the prime factors of s(1).
37
Suppose -2*c + 7*c = 3*j - 34, -5*j + c = -64. List the 